{"id":122,"date":"2015-08-30T15:58:33","date_gmt":"2015-08-30T14:58:33","guid":{"rendered":"https:\/\/missillac-notredamedelabriere.fr\/?page_id=122"},"modified":"2025-11-24T10:59:31","modified_gmt":"2025-11-24T09:59:31","slug":"organisation-pedagogique","status":"publish","type":"page","link":"https:\/\/missillac-notredamedelabriere.fr\/?page_id=122","title":{"rendered":"Organisation p\u00e9dagogique"},"content":{"rendered":"\t\t<div data-elementor-type=\"wp-page\" data-elementor-id=\"122\" class=\"elementor elementor-122\">\n\t\t\t\t\t\t<section class=\"elementor-section elementor-top-section elementor-element elementor-element-22265835 elementor-section-boxed elementor-section-height-default elementor-section-height-default\" data-id=\"22265835\" data-element_type=\"section\" data-e-type=\"section\">\n\t\t\t\t\t\t<div class=\"elementor-container elementor-column-gap-default\">\n\t\t\t\t\t<div class=\"elementor-column elementor-col-100 elementor-top-column elementor-element elementor-element-30765ac5\" data-id=\"30765ac5\" data-element_type=\"column\" data-e-type=\"column\">\n\t\t\t<div class=\"elementor-widget-wrap elementor-element-populated\">\n\t\t\t\t\t\t<div class=\"elementor-element elementor-element-5780da36 elementor-widget elementor-widget-text-editor\" data-id=\"5780da36\" data-element_type=\"widget\" data-e-type=\"widget\" data-widget_type=\"text-editor.default\">\n\t\t\t\t<div class=\"elementor-widget-container\">\n\t\t\t\t\t\t\t\t\tL&#8217;\u00e9cole Notre Dame de la Bri\u00e8re est r\u00e9partie sur deux sites :\n\n<strong>Le site de l&#8217;Angle Bertho<\/strong> :\n\nClasse de PS\/MS\/CP, 24 \u00e9l\u00e8ves ; La\u00ebtitia CHAPRON, enseignante ; C\u00e9line SIBILO, ASEM.\nClasse de CE1\/CE2\/CM1, 18 \u00e9l\u00e8ves avec C\u00e9line WASCHEUL\nUne garderie : La\u00ebtitia VIOLIER\n\n<strong>Le site du Bourg<\/strong> :\n\nPS, 22 \u00e9l\u00e8ves avec Fabienne GRANGIEN\nMS, 22 \u00e9l\u00e8ves avec Alexandra BRIAND\nGS, 26 \u00e9l\u00e8ves avec Camille BRINET &amp; Ga\u00eblle DAVID\n\nCP, 21 \u00e9l\u00e8ves avec Nad\u00e8ge GUILBAUD-LIMOUZIN\nCP\/CE1, 17 \u00e9l\u00e8ves avec Christ\u00e8le LAILLER\n\nCE1, 20 \u00e9l\u00e8ves avec H\u00e9l\u00e9na ROUXEL\nCE2, 26 \u00e9l\u00e8ves avec Florence VINCE\n\nCM1\/CM2, 27 \u00e9l\u00e8ves avec Fran\u00e7oise DUHOUX\nCM1\/CM2, 27 \u00e9l\u00e8ves avec Amandine BADOUAL\n\nV\u00e9ronique GUIHENEUF, S\u00e9verine PECHARD, Auxane PERRAIS sont les ASEM.\n\nAur\u00e9lie MELU intervient dans le cadre du r\u00e9seau d&#8217;aide sur les deux sites de l&#8217;\u00e9cole aupr\u00e8s des enfants en difficult\u00e9.\t\t\t\t\t\t\t\t<\/div>\n\t\t\t\t<\/div>\n\t\t\t\t\t<\/div>\n\t\t<\/div>\n\t\t\t\t\t<\/div>\n\t\t<\/section>\n\t\t\t\t<\/div>\n\t\t","protected":false},"excerpt":{"rendered":"<p>L&#8217;\u00e9cole Notre Dame de la Bri\u00e8re est r\u00e9partie sur deux sites : Le site de l&#8217;Angle Bertho : Classe de PS\/MS\/CP, 24 \u00e9l\u00e8ves ; La\u00ebtitia CHAPRON, enseignante ; C\u00e9line SIBILO, ASEM. Classe de CE1\/CE2\/CM1, 18 \u00e9l\u00e8ves avec C\u00e9line WASCHEUL Une garderie : La\u00ebtitia VIOLIER Le site du Bourg : PS, 22 \u00e9l\u00e8ves avec Fabienne GRANGIEN&hellip; <br \/> <a class=\"read-more\" href=\"https:\/\/missillac-notredamedelabriere.fr\/?page_id=122\">Lire la suite<\/a><\/p>\n","protected":false},"author":28,"featured_media":0,"parent":0,"menu_order":0,"comment_status":"closed","ping_status":"closed","template":"","meta":{"ngg_post_thumbnail":0,"footnotes":""},"class_list":["post-122","page","type-page","status-publish","hentry"],"_links":{"self":[{"href":"https:\/\/missillac-notredamedelabriere.fr\/index.php?rest_route=\/wp\/v2\/pages\/122","targetHints":{"allow":["GET"]}}],"collection":[{"href":"https:\/\/missillac-notredamedelabriere.fr\/index.php?rest_route=\/wp\/v2\/pages"}],"about":[{"href":"https:\/\/missillac-notredamedelabriere.fr\/index.php?rest_route=\/wp\/v2\/types\/page"}],"author":[{"embeddable":true,"href":"https:\/\/missillac-notredamedelabriere.fr\/index.php?rest_route=\/wp\/v2\/users\/28"}],"replies":[{"embeddable":true,"href":"https:\/\/missillac-notredamedelabriere.fr\/index.php?rest_route=%2Fwp%2Fv2%2Fcomments&post=122"}],"version-history":[{"count":24,"href":"https:\/\/missillac-notredamedelabriere.fr\/index.php?rest_route=\/wp\/v2\/pages\/122\/revisions"}],"predecessor-version":[{"id":5737,"href":"https:\/\/missillac-notredamedelabriere.fr\/index.php?rest_route=\/wp\/v2\/pages\/122\/revisions\/5737"}],"wp:attachment":[{"href":"https:\/\/missillac-notredamedelabriere.fr\/index.php?rest_route=%2Fwp%2Fv2%2Fmedia&parent=122"}],"curies":[{"name":"wp","href":"https:\/\/api.w.org\/{rel}","templated":true}]}}