{"id":2,"date":"2015-08-20T08:30:43","date_gmt":"2015-08-20T07:30:43","guid":{"rendered":"https:\/\/missillac-notredamedelabriere.fr\/?page_id=2"},"modified":"2025-11-20T12:17:49","modified_gmt":"2025-11-20T11:17:49","slug":"accueil","status":"publish","type":"page","link":"https:\/\/missillac-notredamedelabriere.fr\/","title":{"rendered":"Nous vous informons que nos Portes Ouvertes auront lieu :  &#8211; Le Samedi 29 novembre de 10h \u00e0 12h pour notre site du Bourg  &#8211; Le Samedi 6 d\u00e9cembre de 10h \u00e0 12h pour notre site de l&#8217;Angle Bertho  L&#8217;Enseignante et l&#8217;ASEM de Petite Section seront pr\u00e9sentes.  N&#8217;h\u00e9sitez pas \u00e0 venir d\u00e9couvrir notre \u00e9cole.  Ga\u00eblle DAVID,  Cheffe d&#8217;Etablissement"},"content":{"rendered":"<div id=\"pl-2\"  class=\"panel-layout\" ><div id=\"pg-2-0\"  class=\"panel-grid panel-no-style\" ><div id=\"pgc-2-0-0\"  class=\"panel-grid-cell\" ><div id=\"panel-2-0-0-0\" class=\"so-panel widget widget_sow-editor panel-first-child panel-last-child\" data-index=\"0\" ><div\n\t\t\t\n\t\t\tclass=\"so-widget-sow-editor so-widget-sow-editor-base\"\n\t\t\t\n\t\t>\n<div class=\"siteorigin-widget-tinymce textwidget\">\n\t<h1 style=\"text-align: center;\"><strong>BIENVENUE SUR LE SITE <\/strong><strong>DE L'ECOLE <\/strong><\/h1>\n<h1 style=\"text-align: center;\"><strong>NOTRE DAME DE LA BRIERE<\/strong><\/h1>\n<\/div>\n<\/div><\/div><\/div><\/div><div id=\"pg-2-1\"  class=\"panel-grid panel-has-style\" ><div class=\"panel-row-style panel-row-style-for-2-1\" ><div id=\"pgc-2-1-0\"  class=\"panel-grid-cell\" ><div id=\"panel-2-1-0-0\" class=\"so-panel widget panel-first-child panel-last-child\" data-index=\"1\" ><\/div><\/div><div id=\"pgc-2-1-1\"  class=\"panel-grid-cell\" ><div id=\"panel-2-1-1-0\" class=\"so-panel widget widget_sow-button panel-first-child\" data-index=\"2\" ><div\n\t\t\t\n\t\t\tclass=\"so-widget-sow-button so-widget-sow-button-atom-41f8485996d0-2\"\n\t\t\t\n\t\t><div class=\"ow-button-base ow-button-align-center\"\n>\n\t\t\t<a\n\t\t\t\t\thref=\"https:\/\/missillac-notredamedelabriere.fr\/?page_id=2652\"\n\t\t\t\t\tclass=\"sowb-button ow-icon-placement-left\" \t>\n\t\t<span>\n\t\t\t\n\t\t\tPour inscrire votre enfant\t\t<\/span>\n\t\t\t<\/a>\n\t<\/div>\n<\/div><\/div><div id=\"panel-2-1-1-1\" class=\"so-panel widget widget_sow-button panel-last-child\" data-index=\"3\" ><div\n\t\t\t\n\t\t\tclass=\"so-widget-sow-button so-widget-sow-button-atom-41f8485996d0-2\"\n\t\t\t\n\t\t><div class=\"ow-button-base ow-button-align-center\"\n>\n\t\t\t<a\n\t\t\t\t\thref=\"https:\/\/missillac-notredamedelabriere.fr\/?page_id=3681\"\n\t\t\t\t\tclass=\"sowb-button ow-icon-placement-left ow-button-hover\" \t>\n\t\t<span>\n\t\t\t\n\t\t\tPour soutenir notre \u00e9cole\t\t<\/span>\n\t\t\t<\/a>\n\t<\/div>\n<\/div><\/div><\/div><\/div><\/div><div id=\"pg-2-2\"  class=\"panel-grid panel-no-style\" ><div id=\"pgc-2-2-0\"  class=\"panel-grid-cell\" ><div id=\"panel-2-2-0-0\" class=\"so-panel widget widget_sow-post-carousel panel-first-child panel-last-child\" data-index=\"4\" ><div\n\t\t\t\n\t\t\tclass=\"so-widget-sow-post-carousel so-widget-sow-post-carousel-base-0471499d4c66-2\"\n\t\t\t\n\t\t>\t<div\n\t\tclass=\"sow-post-carousel-wrapper sow-post-carousel-theme-base\"\n\t\tstyle=\"overflow: hidden; max-width: 100%; min-height: 182px\"\n\t>\n\t\t<div class=\"sow-carousel-title has-title\">\n\t<h3 class=\"widget-title\">Derniers articles<\/h3>\t\t<div class=\"sow-carousel-navigation \">\n\t\t\t\t\t\t<a href=\"#\" class=\"sow-carousel-next\" title=\"Suivant\" aria-label=\"Next Posts\" role=\"button\"><\/a>\n\t\t\t\t\t\t<a href=\"#\" class=\"sow-carousel-previous\" title=\"Pr\u00e9c\u00e9dent\" aria-label=\"Previous Posts\" role=\"button\"><\/a>\n\t\t\t\t\t<\/div>\n\t<\/div>\n\n<div class=\"sow-carousel-container \">\n\t\t<div class=\"sow-carousel-wrapper\"\n\t\tdata-dir=\"ltr\"\n\t\tstyle=\"opacity: 0;\"\n\t\tdata-widget=\"post\" data-fetching=\"false\" data-page=\"1\" data-ajax-url=\"https:\/\/missillac-notredamedelabriere.fr\/wp-admin\/admin-ajax.php?_widgets_nonce=fb0e778c02\" data-item_count=\"368\" data-carousel_settings=\"{&quot;loop&quot;:true,&quot;animation&quot;:&quot;Ease&quot;,&quot;animation_speed&quot;:800,&quot;autoplay&quot;:&quot;off&quot;,&quot;pauseOnHover&quot;:false,&quot;autoplaySpeed&quot;:8000,&quot;item_overflow&quot;:true,&quot;autoplay_continuous_scroll&quot;:false}\" data-responsive=\"{&quot;desktop_slides_to_scroll&quot;:1,&quot;tablet_landscape_breakpoint&quot;:1366,&quot;tablet_landscape_slides_to_scroll&quot;:2,&quot;tablet_portrait_breakpoint&quot;:1025,&quot;tablet_portrait_slides_to_scroll&quot;:2,&quot;mobile_breakpoint&quot;:480,&quot;mobile_slides_to_scroll&quot;:1}\" data-variable_width=\"true\" \t>\n\t\t<div\n\t\t\tclass=\"sow-carousel-items\"\n\t\t\t\t\t>\n\t\t\t\t<div class=\"sow-carousel-item\" tabindex=\"-1\" style=\"float: left;\">\n\t\t<div class=\"sow-carousel-thumbnail\">\n\t\t\t\t\t\t\t<a\n\t\t\t\t\thref=\"https:\/\/missillac-notredamedelabriere.fr\/?p=5726\"\n\t\t\t\t\tclass=\"sow-carousel-default-thumbnail\"\n\t\t\t\t\t\t\t\t\t\t\t\t\t\t\taria-labelledby=\"sow-carousel-id-5726\"\n\t\t\t\t\ttabindex=\"-1\"\n\t\t\t\t>\n\t\t\t\t\t<span class=\"overlay\"><\/span>\n\t\t\t\t<\/a>\n\t\t\t\t\t<\/div>\n\t\t<h3 class=\"sow-carousel-item-title\">\n\t\t\t<a\n\t\t\t\thref=\"https:\/\/missillac-notredamedelabriere.fr\/?p=5726\"\n\t\t\t\tid=\"sow-carousel-id-5726\"\n\t\t\t\t\t\t\t\ttabindex=\"-1\"\n\t\t\t>\n\n\t\t\t\tPORTES OUVERTES\t\t\t<\/a>\n\t\t<\/h3>\n\t<\/div>\n\t\t<div class=\"sow-carousel-item\" tabindex=\"-1\" style=\"float: left;\">\n\t\t<div class=\"sow-carousel-thumbnail\">\n\t\t\t\t\t\t\t<a\n\t\t\t\t\thref=\"https:\/\/missillac-notredamedelabriere.fr\/?p=5666\"\n\t\t\t\t\t\t\t\t\t\tstyle=\"background-image: url( https:\/\/missillac-notredamedelabriere.fr\/wp-content\/uploads\/2024\/01\/IMG-20240120-WA0000-272x182.jpg )\"\n\t\t\t\t\taria-labelledby=\"sow-carousel-id-5666\"\n\t\t\t\t\ttabindex=\"-1\"\n\t\t\t\t>\n\t\t\t\t\t<span class=\"overlay\"><\/span>\n\t\t\t\t<\/a>\n\t\t\t\t\t<\/div>\n\t\t<h3 class=\"sow-carousel-item-title\">\n\t\t\t<a\n\t\t\t\thref=\"https:\/\/missillac-notredamedelabriere.fr\/?p=5666\"\n\t\t\t\tid=\"sow-carousel-id-5666\"\n\t\t\t\t\t\t\t\ttabindex=\"-1\"\n\t\t\t>\n\n\t\t\t\tLoto APEL\t\t\t<\/a>\n\t\t<\/h3>\n\t<\/div>\n\t\t<div class=\"sow-carousel-item\" tabindex=\"-1\" style=\"float: left;\">\n\t\t<div class=\"sow-carousel-thumbnail\">\n\t\t\t\t\t\t\t<a\n\t\t\t\t\thref=\"https:\/\/missillac-notredamedelabriere.fr\/?p=5658\"\n\t\t\t\t\t\t\t\t\t\tstyle=\"background-image: url( https:\/\/missillac-notredamedelabriere.fr\/wp-content\/uploads\/2024\/01\/Merry-Christmas-christmas-32790252-2560-2000-272x182.jpg )\"\n\t\t\t\t\taria-labelledby=\"sow-carousel-id-5658\"\n\t\t\t\t\ttabindex=\"-1\"\n\t\t\t\t>\n\t\t\t\t\t<span class=\"overlay\"><\/span>\n\t\t\t\t<\/a>\n\t\t\t\t\t<\/div>\n\t\t<h3 class=\"sow-carousel-item-title\">\n\t\t\t<a\n\t\t\t\thref=\"https:\/\/missillac-notredamedelabriere.fr\/?p=5658\"\n\t\t\t\tid=\"sow-carousel-id-5658\"\n\t\t\t\t\t\t\t\ttabindex=\"-1\"\n\t\t\t>\n\n\t\t\t\tGazette 4\t\t\t<\/a>\n\t\t<\/h3>\n\t<\/div>\n\t\t<div class=\"sow-carousel-item\" tabindex=\"-1\" style=\"float: left;\">\n\t\t<div class=\"sow-carousel-thumbnail\">\n\t\t\t\t\t\t\t<a\n\t\t\t\t\thref=\"https:\/\/missillac-notredamedelabriere.fr\/?p=5634\"\n\t\t\t\t\t\t\t\t\t\tstyle=\"background-image: url( https:\/\/missillac-notredamedelabriere.fr\/wp-content\/uploads\/2023\/12\/Screenshot_20231222_154440-272x182.jpg )\"\n\t\t\t\t\taria-labelledby=\"sow-carousel-id-5634\"\n\t\t\t\t\ttabindex=\"-1\"\n\t\t\t\t>\n\t\t\t\t\t<span class=\"overlay\"><\/span>\n\t\t\t\t<\/a>\n\t\t\t\t\t<\/div>\n\t\t<h3 class=\"sow-carousel-item-title\">\n\t\t\t<a\n\t\t\t\thref=\"https:\/\/missillac-notredamedelabriere.fr\/?p=5634\"\n\t\t\t\tid=\"sow-carousel-id-5634\"\n\t\t\t\t\t\t\t\ttabindex=\"-1\"\n\t\t\t>\n\n\t\t\t\tLes derniers moments dans la classe avant No\u00ebl\t\t\t<\/a>\n\t\t<\/h3>\n\t<\/div>\n\t\t<div class=\"sow-carousel-item\" tabindex=\"-1\" style=\"float: left;\">\n\t\t<div class=\"sow-carousel-thumbnail\">\n\t\t\t\t\t\t\t<a\n\t\t\t\t\thref=\"https:\/\/missillac-notredamedelabriere.fr\/?p=5630\"\n\t\t\t\t\t\t\t\t\t\tstyle=\"background-image: url( https:\/\/missillac-notredamedelabriere.fr\/wp-content\/uploads\/2023\/12\/pngtree-christmas-santa-claus-ornament-cartoon-illustration-png-image_10002417-272x182.png )\"\n\t\t\t\t\taria-labelledby=\"sow-carousel-id-5630\"\n\t\t\t\t\ttabindex=\"-1\"\n\t\t\t\t>\n\t\t\t\t\t<span class=\"overlay\"><\/span>\n\t\t\t\t<\/a>\n\t\t\t\t\t<\/div>\n\t\t<h3 class=\"sow-carousel-item-title\">\n\t\t\t<a\n\t\t\t\thref=\"https:\/\/missillac-notredamedelabriere.fr\/?p=5630\"\n\t\t\t\tid=\"sow-carousel-id-5630\"\n\t\t\t\t\t\t\t\ttabindex=\"-1\"\n\t\t\t>\n\n\t\t\t\tNotre journ\u00e9e No\u00ebl en CM\t\t\t<\/a>\n\t\t<\/h3>\n\t<\/div>\n\t\t<div class=\"sow-carousel-item\" tabindex=\"-1\" style=\"float: left;\">\n\t\t<div class=\"sow-carousel-thumbnail\">\n\t\t\t\t\t\t\t<a\n\t\t\t\t\thref=\"https:\/\/missillac-notredamedelabriere.fr\/?p=5628\"\n\t\t\t\t\t\t\t\t\t\tstyle=\"background-image: url( https:\/\/missillac-notredamedelabriere.fr\/wp-content\/uploads\/2023\/12\/bd-3-personnages.ki0aDUWeKm0u-272x182.jpg )\"\n\t\t\t\t\taria-labelledby=\"sow-carousel-id-5628\"\n\t\t\t\t\ttabindex=\"-1\"\n\t\t\t\t>\n\t\t\t\t\t<span class=\"overlay\"><\/span>\n\t\t\t\t<\/a>\n\t\t\t\t\t<\/div>\n\t\t<h3 class=\"sow-carousel-item-title\">\n\t\t\t<a\n\t\t\t\thref=\"https:\/\/missillac-notredamedelabriere.fr\/?p=5628\"\n\t\t\t\tid=\"sow-carousel-id-5628\"\n\t\t\t\t\t\t\t\ttabindex=\"-1\"\n\t\t\t>\n\n\t\t\t\tLe harc\u00e8lement \u00e0 l&#8217;\u00e9cole\t\t\t<\/a>\n\t\t<\/h3>\n\t<\/div>\n\t\t<div class=\"sow-carousel-item\" tabindex=\"-1\" style=\"float: left;\">\n\t\t<div class=\"sow-carousel-thumbnail\">\n\t\t\t\t\t\t\t<a\n\t\t\t\t\thref=\"https:\/\/missillac-notredamedelabriere.fr\/?p=5618\"\n\t\t\t\t\t\t\t\t\t\tstyle=\"background-image: url( https:\/\/missillac-notredamedelabriere.fr\/wp-content\/uploads\/2023\/12\/ori-robot-blue-bot-1802-272x182.jpg )\"\n\t\t\t\t\taria-labelledby=\"sow-carousel-id-5618\"\n\t\t\t\t\ttabindex=\"-1\"\n\t\t\t\t>\n\t\t\t\t\t<span class=\"overlay\"><\/span>\n\t\t\t\t<\/a>\n\t\t\t\t\t<\/div>\n\t\t<h3 class=\"sow-carousel-item-title\">\n\t\t\t<a\n\t\t\t\thref=\"https:\/\/missillac-notredamedelabriere.fr\/?p=5618\"\n\t\t\t\tid=\"sow-carousel-id-5618\"\n\t\t\t\t\t\t\t\ttabindex=\"-1\"\n\t\t\t>\n\n\t\t\t\tProgrammons des robots\t\t\t<\/a>\n\t\t<\/h3>\n\t<\/div>\n\t\t<div class=\"sow-carousel-item\" tabindex=\"-1\" style=\"float: left;\">\n\t\t<div class=\"sow-carousel-thumbnail\">\n\t\t\t\t\t\t\t<a\n\t\t\t\t\thref=\"https:\/\/missillac-notredamedelabriere.fr\/?p=5531\"\n\t\t\t\t\t\t\t\t\t\tstyle=\"background-image: url( https:\/\/missillac-notredamedelabriere.fr\/wp-content\/uploads\/2023\/12\/Screenshot_20231207_221929-272x182.jpg )\"\n\t\t\t\t\taria-labelledby=\"sow-carousel-id-5531\"\n\t\t\t\t\ttabindex=\"-1\"\n\t\t\t\t>\n\t\t\t\t\t<span class=\"overlay\"><\/span>\n\t\t\t\t<\/a>\n\t\t\t\t\t<\/div>\n\t\t<h3 class=\"sow-carousel-item-title\">\n\t\t\t<a\n\t\t\t\thref=\"https:\/\/missillac-notredamedelabriere.fr\/?p=5531\"\n\t\t\t\tid=\"sow-carousel-id-5531\"\n\t\t\t\t\t\t\t\ttabindex=\"-1\"\n\t\t\t>\n\n\t\t\t\tAteliers artistiques\t\t\t<\/a>\n\t\t<\/h3>\n\t<\/div>\n\t\t<div class=\"sow-carousel-item\" tabindex=\"-1\" style=\"float: left;\">\n\t\t<div class=\"sow-carousel-thumbnail\">\n\t\t\t\t\t\t\t<a\n\t\t\t\t\thref=\"https:\/\/missillac-notredamedelabriere.fr\/?p=5510\"\n\t\t\t\t\t\t\t\t\t\tstyle=\"background-image: url( https:\/\/missillac-notredamedelabriere.fr\/wp-content\/uploads\/2023\/12\/Screenshot_20231203_175507-272x182.jpg )\"\n\t\t\t\t\taria-labelledby=\"sow-carousel-id-5510\"\n\t\t\t\t\ttabindex=\"-1\"\n\t\t\t\t>\n\t\t\t\t\t<span class=\"overlay\"><\/span>\n\t\t\t\t<\/a>\n\t\t\t\t\t<\/div>\n\t\t<h3 class=\"sow-carousel-item-title\">\n\t\t\t<a\n\t\t\t\thref=\"https:\/\/missillac-notredamedelabriere.fr\/?p=5510\"\n\t\t\t\tid=\"sow-carousel-id-5510\"\n\t\t\t\t\t\t\t\ttabindex=\"-1\"\n\t\t\t>\n\n\t\t\t\tT\u00e9l\u00e9thon\t\t\t<\/a>\n\t\t<\/h3>\n\t<\/div>\n\t\t<div class=\"sow-carousel-item\" tabindex=\"-1\" style=\"float: left;\">\n\t\t<div class=\"sow-carousel-thumbnail\">\n\t\t\t\t\t\t\t<a\n\t\t\t\t\thref=\"https:\/\/missillac-notredamedelabriere.fr\/?p=5502\"\n\t\t\t\t\t\t\t\t\t\tstyle=\"background-image: url( https:\/\/missillac-notredamedelabriere.fr\/wp-content\/uploads\/2023\/12\/Screenshot_20231203_173509-272x182.jpg )\"\n\t\t\t\t\taria-labelledby=\"sow-carousel-id-5502\"\n\t\t\t\t\ttabindex=\"-1\"\n\t\t\t\t>\n\t\t\t\t\t<span class=\"overlay\"><\/span>\n\t\t\t\t<\/a>\n\t\t\t\t\t<\/div>\n\t\t<h3 class=\"sow-carousel-item-title\">\n\t\t\t<a\n\t\t\t\thref=\"https:\/\/missillac-notredamedelabriere.fr\/?p=5502\"\n\t\t\t\tid=\"sow-carousel-id-5502\"\n\t\t\t\t\t\t\t\ttabindex=\"-1\"\n\t\t\t>\n\n\t\t\t\tNo\u00ebl chez les CM1-CM2 A\t\t\t<\/a>\n\t\t<\/h3>\n\t<\/div>\n\t\t\t<\/div>\n\t\t\t<\/div>\n\n\t<\/div>\n\t\t<input type=\"hidden\" name=\"instance_hash\" value=\"cae2e47e\"\/>\n\t<\/div>\n<\/div><\/div><\/div><\/div><\/div>","protected":false},"excerpt":{"rendered":"<p>BIENVENUE SUR LE SITE DE L&#8217;ECOLE NOTRE DAME DE LA BRIERE<\/p>\n","protected":false},"author":1,"featured_media":2635,"parent":0,"menu_order":0,"comment_status":"closed","ping_status":"closed","template":"","meta":{"ngg_post_thumbnail":0,"footnotes":""},"class_list":["post-2","page","type-page","status-publish","has-post-thumbnail","hentry"],"_links":{"self":[{"href":"https:\/\/missillac-notredamedelabriere.fr\/index.php?rest_route=\/wp\/v2\/pages\/2","targetHints":{"allow":["GET"]}}],"collection":[{"href":"https:\/\/missillac-notredamedelabriere.fr\/index.php?rest_route=\/wp\/v2\/pages"}],"about":[{"href":"https:\/\/missillac-notredamedelabriere.fr\/index.php?rest_route=\/wp\/v2\/types\/page"}],"author":[{"embeddable":true,"href":"https:\/\/missillac-notredamedelabriere.fr\/index.php?rest_route=\/wp\/v2\/users\/1"}],"replies":[{"embeddable":true,"href":"https:\/\/missillac-notredamedelabriere.fr\/index.php?rest_route=%2Fwp%2Fv2%2Fcomments&post=2"}],"version-history":[{"count":277,"href":"https:\/\/missillac-notredamedelabriere.fr\/index.php?rest_route=\/wp\/v2\/pages\/2\/revisions"}],"predecessor-version":[{"id":5730,"href":"https:\/\/missillac-notredamedelabriere.fr\/index.php?rest_route=\/wp\/v2\/pages\/2\/revisions\/5730"}],"wp:featuredmedia":[{"embeddable":true,"href":"https:\/\/missillac-notredamedelabriere.fr\/index.php?rest_route=\/wp\/v2\/media\/2635"}],"wp:attachment":[{"href":"https:\/\/missillac-notredamedelabriere.fr\/index.php?rest_route=%2Fwp%2Fv2%2Fmedia&parent=2"}],"curies":[{"name":"wp","href":"https:\/\/api.w.org\/{rel}","templated":true}]}}